
3
What is the hundred thousands digit of 1658657?
6
What is the hundreds digit of 315925?
9
What is the tens digit of 21204420?
2
What is the ten thousands digit of 158600?
5
What is the units digit of 4055?
5
What is the hundreds digit of 393050?
0
What is the hundred thousands digit of 5223172?
2
What is the units digit of 352918?
8
What is the thousands digit of 587164?
7
What is the hundreds digit of 551994?
9
What is the hundreds digit of 1049501?
5
What is the hundred thousands digit of 964911?
9
What is the ten millions digit of 27229301?
2
What is the hundred thousands digit of 36854302?
8
What is the tens digit of 33653631?
3
What is the hundred thousands digit of 5522792?
5
What is the tens digit of 193918?
1
What is the hundreds digit of 17206340?
3
What is the hundred thousands digit of 5300240?
3
What is the thousands digit of 2445444?
5
What is the ten thousands digit of 10803286?
0
What is the units digit of 770962?
2
What is the ten millions digit of 13495921?
1
What is the units digit of 1206826?
6
What is the thousands digit of 30843547?
3
What is the units digit of 182332?
2
What is the tens digit of 421803?
0
What is the units digit of 2874707?
7
What is the units digit of 591151?
1
What is the tens digit of 877464?
6
What is the units digit of 2057?
7
What is the tens digit of 52088?
8
What is the tens digit of 15276103?
0
What is the hundreds digit of 491030?
0
What is the hundred thousands digit of 183694?
1
What is the hundred thousands digit of 382632?
3
What is the thousands digit of 788122?
8
What is the tens digit of 3060486?
8
What is the ten thousands digit of 1605375?
0
What is the tens digit of 201561?
6
What is the ten thousands digit of 255879?
5
What is the ten thousands digit of 145657?
4
What is the hundreds digit of 378642?
6
What is the units digit of 316257?
7
What is the units digit of 11825803?
3
What is the tens digit of 414894?
9
What is the millions digit of 1603584?
1
What is the hundreds digit of 2900941?
9
What is the thousands digit of 3867150?
7
What is the tens digit of 17592?
9
What is the tens digit of 508909?
0
What is the ten thousands digit of 11473167?
7
What is the millions digit of 16978845?
6
What is the thousands digit of 66822?
6
What is the ten millions digit of 15463422?
1
What is the ten thousands digit of 8314465?
1
What is the thousands digit of 2730868?
0
What is the millions digit of 2202233?
2
What is the hundred thousands digit of 8711358?
7
What is the millions digit of 14238303?
4
What is the tens digit of 289394?
9
What is the thousands digit of 7571418?
1
What is the thousands digit of 778071?
8
What is the hundred thousands digit of 1866212?
8
What is the tens digit of 19060921?
2
What is the ten millions digit of 16611489?
1
What is the thousands digit of 930372?
0
What is the ten thousands digit of 1055212?
5
What is the tens digit of 28102234?
3
What is the hundreds digit of 17828020?
0
What is the hundred thousands digit of 3030796?
0
What is the thousands digit of 112666?
2
What is the hundreds digit of 55917?
9
What is the hundred thousands digit of 2837656?
8
What is the hundred thousands digit of 153790?
1
What is the ten thousands digit of 5788560?
8
What is the thousands digit of 329926?
9
What is the tens digit of 64144?
4
What is the thousands digit of 4416387?
6
What is the ten thousands digit of 508018?
0
What is the tens digit of 11847847?
4
What is the millions digit of 1092069?
1
What is the hundreds digit of 7182116?
1
What is the ten thousands digit of 314065?
1
What is the ten thousands digit of 274635?
7
What is the tens digit of 820452?
5
What is the tens digit of 184806?
0
What is the units digit of 2133631?
1
What is the thousands digit of 1187915?
7
What is the tens digit of 7651630?
3
What is the hundred thousands digit of 1231942?
2
What is the ten thousands digit of 445420?
4
What is the hundred thousands digit of 1527805?
5
What is the thousands digit of 4229682?
9
What is the tens digit of 5282888?
8
What is the thousands digit of 650154?
0
What is the thousands digit of 616642?
6
What is the thousands digit of 901586?
1
What is the thousands digit of 8148?
8
What is the hundreds digit of 12307607?
6
What is the tens digit of 373582?
8
What is the units digit of 1?
1
What is the ten thousands digit of 6681806?
8
What is the thousands digit of 22295?
2
What is the thousands digit of 101597?
1
What is the units digit of 24040801?
1
What is the hundreds digit of 8769?
7
What is the units digit of 210589?
9
What is the ten thousands digit of 54420?
5
What is the hundred thousands digit of 204138?
2
What is the hundreds digit of 6356172?
1
What is the ten thousands digit of 2508577?
0
What is the ten millions digit of 14378962?
1
What is the thousands digit of 2769279?
9
What is the hundred thousands digit of 125282?
1
What is the thousands digit of 200494?
0
What is the units digit of 18276656?
6
What is the thousands digit of 101951?
1
What is the tens digit of 18129080?
8
What is the hundreds digit of 2869930?
9
What is the tens digit of 297858?
5
What is the units digit of 194916?
6
What is the tens digit of 1008712?
1
What is the hundreds digit of 289650?
6
What is the units digit of 1403114?
4
What is the hundreds digit of 5800295?
2
What is the thousands digit of 21260512?
0
What is the tens digit of 2903274?
7
What is the hundreds digit of 2245838?
8
What is the tens digit of 555070?
7
What is the tens digit of 451965?
6
What is the ten thousands digit of 531764?
3
What is the millions digit of 24598121?
4
What is the ten thousands digit of 280863?
8
What is the millions digit of 5107753?
5
What is the hundred thousands digit of 262169?
2
What is the units digit of 5312298?
8
What is the ten thousands digit of 3267690?
6
What is the tens digit of 6518449?
4
What is the units digit of 325048?
8
What is the hundreds digit of 11689965?
9
What is the ten thousands digit of 273708?
7
What is the millions digit of 21972258?
1
What is the hundred thousands digit of 1700035?
7
What is the hundreds digit of 1412392?
3
What is the hundreds digit of 376177?
1
What is the millions digit of 6584114?
6
What is the thousands digit of 238510?
8
What is the hundreds digit of 34417485?
4
What is the ten thousands digit of 3807386?
0
What is the ten thousands digit of 210174?
1
What is the millions digit of 3924642?
3
What is the units digit of 5726639?
9
What is the hundreds digit of 454150?
1
What is the thousands digit of 989895?
9
What is the tens digit of 204925?
2
What is the thousands digit of 195750?
5
What is the hundreds digit of 2067611?
6
What is the hundreds digit of 9389906?
9
What is the hundred thousands digit of 529026?
5
What is the ten thousands digit of 58394?
5
What is the units digit of 12500201?
1
What is the units digit of 21798434?
4
What is the hundred thousands digit of 331140?
3
What is the millions digit of 1362759?
1
What is the tens digit of 4030726?
2
What is the units digit of 219957?
7
What is the thousands digit of 571063?
1
What is the hundreds digit of 173109?
1
What is the ten millions digit of 11309356?
1
What is the hundred thousands digit of 4628306?
6
What is the ten thousands digit of 82373?
8
What is the units digit of 166722?
2
What is the hundred thousands digit of 478121?
4
What is the ten thousands digit of 316813?
1
What is the hundred thousands digit of 544949?
5
What is the thousands digit of 43040?
3
What is the thousands digit of 384690?
4
What is the units digit of 896469?
9
What is the ten millions digit of 22576274?
2
What is the thousands digit of 8090970?
0
What is the ten thousands digit of 704381?
0
What is the hundred thousands digit of 830010?
8
What is the units digit of 5323923?
3
What is the units digit of 2769380?
0
What is the units digit of 3142448?
8
What is the thousands digit of 350052?
0
What is the hundreds digit of 3246127?
1
What is the ten thousands digit of 14549298?
4
What is the tens digit of 6433313?
1
What is the thousands digit of 800823?
0
What is the hundreds digit of 80486?
4
What is the hundred thousands digit of 373727?
3
What is the millions digit of 1729163?
1
What is the units digit of 4381810?
0
What is the thousands digit of 313149?
3
What is the units digit 